{"id":12058,"date":"2016-07-27T08:49:03","date_gmt":"2016-07-27T08:49:03","guid":{"rendered":"http:\/\/localhost\/clubmaritimo\/?page_id=12058"},"modified":"2024-03-22T11:40:46","modified_gmt":"2024-03-22T10:40:46","slug":"acta-fundacional","status":"publish","type":"page","link":"https:\/\/www.realclubmaritimomelilla.es\/clmar\/acta-fundacional\/","title":{"rendered":"Acta Fundacional"},"content":{"rendered":"<p><div class=\"fusion-fullwidth fullwidth-box fusion-builder-row-1 hundred-percent-fullwidth non-hundred-percent-height-scrolling\" style=\"background-color: #ffffff;background-position: center center;background-repeat: no-repeat;padding-top:0px;padding-right:0px;padding-bottom:0px;padding-left:0px;margin-bottom: 0px;margin-top: 0px;border-width: 0px 0px 0px 0px;border-color:#eae9e9;border-style:solid;\" ><div class=\"fusion-builder-row fusion-row\"><div class=\"fusion-layout-column fusion_builder_column fusion-builder-column-0 fusion_builder_column_1_1 1_1 fusion-one-full fusion-column-first fusion-column-last\" style=\"margin-top:0px;margin-bottom:20px;\"><div class=\"fusion-column-wrapper fusion-flex-column-wrapper-legacy\" style=\"background-position:left top;background-repeat:no-repeat;-webkit-background-size:cover;-moz-background-size:cover;-o-background-size:cover;background-size:cover;padding: 0px 0px 0px 0px;\"><style type=\"text\/css\"><\/style><div class=\"fusion-title title fusion-title-1 fusion-title-center fusion-title-text fusion-title-size-two\" style=\"margin-top:10px;margin-right:0px;margin-bottom:15px;margin-left:0px;\"><div class=\"title-sep-container title-sep-container-left\"><div class=\"title-sep sep-double sep-solid\" style=\"border-color:#e0dede;\"><\/div><\/div><span class=\"awb-title-spacer\"><\/span><h2 class=\"title-heading-center\" style=\"margin:0;\"><span style=\"color: #5092d3;\"><strong>ACTA FUNDACIONAL<\/strong><\/span><\/h2><span class=\"awb-title-spacer\"><\/span><div class=\"title-sep-container title-sep-container-right\"><div class=\"title-sep sep-double sep-solid\" style=\"border-color:#e0dede;\"><\/div><\/div><\/div><div class=\"fusion-clearfix\"><\/div><\/div><\/div><div class=\"fusion-layout-column fusion_builder_column fusion-builder-column-1 fusion_builder_column_1_1 1_1 fusion-one-full fusion-column-first fusion-column-last\" style=\"margin-top:0px;margin-bottom:20px;\"><div class=\"fusion-column-wrapper fusion-flex-column-wrapper-legacy\" style=\"background-position:left top;background-repeat:no-repeat;-webkit-background-size:cover;-moz-background-size:cover;-o-background-size:cover;background-size:cover;padding: 0px 0px 0px 0px;\"><div class=\"fusion-text fusion-text-1\"><p>En la ciudad de Melilla a las diecis\u00e9is horas del d\u00eda seis de marzo de mil novecientos cuarenta y cuatro, previamente convocados por el Presidente del CLUB MAR\u00cdTIMO de Melilla e Ingeniero Director de las Obras del Puerto Don Jos\u00e9 Ochoa y Benjumea, se reunieron en el despacho oficial de \u00e9ste, los se\u00f1ores que a continuaci\u00f3n se citan, los cuales, en virtud de las facultades concedidas a los Presidentes de los Clubs N\u00e1uticos,han sido elegidos para formar la Junta Directiva del CLUB MAR\u00cdTIMO de Melilla.<\/p>\n<\/div><div class=\"fusion-clearfix\"><\/div><\/div><\/div><div class=\"fusion-layout-column fusion_builder_column fusion-builder-column-2 fusion_builder_column_1_1 1_1 fusion-one-full fusion-column-first fusion-column-last\" style=\"margin-top:0px;margin-bottom:20px;\"><div class=\"fusion-column-wrapper fusion-flex-column-wrapper-legacy\" style=\"background-position:left top;background-repeat:no-repeat;-webkit-background-size:cover;-moz-background-size:cover;-o-background-size:cover;background-size:cover;border-width: 0 0 3px 0;border-color:#1b72b5;border-style:solid;padding: 0px 0px 0px 0px;\"><div class=\"fusion-clearfix\"><\/div><\/div><\/div><div class=\"fusion-layout-column fusion_builder_column fusion-builder-column-3 fusion_builder_column_1_1 1_1 fusion-one-full fusion-column-first fusion-column-last fusion-column-no-min-height\" style=\"margin-top:0px;margin-bottom:0px;\"><div class=\"fusion-column-wrapper fusion-flex-column-wrapper-legacy\" style=\"background-position:left top;background-repeat:no-repeat;-webkit-background-size:cover;-moz-background-size:cover;-o-background-size:cover;background-size:cover;padding: 0px 0px 0px 0px;\"><div class=\"fusion-text fusion-text-2\"><div class=\"table-1\">\n<table width=\"100%\">\n<tbody>\n<tr>\n<td>Vicepresidente<\/td>\n<td><strong>Don Jos\u00e9 Manresa L\u00f3pez. <\/strong><em>Secretario de la Delegaci\u00f3n de Gobierno.<\/em><strong><br \/>\n<\/strong><\/td>\n<\/tr>\n<tr>\n<td>Secretario<\/td>\n<td><strong>Don Bernardo Mart\u00edn Hern\u00e1ndez.<\/strong> <em>Administrador de la C.N.S<\/em><\/td>\n<\/tr>\n<tr>\n<td>Tesorero<\/td>\n<td><strong>Don Jos\u00e9 Fern\u00e1ndez de la Reguera.<\/strong> <em>Inspector de Hacienda.<\/em><\/td>\n<\/tr>\n<tr>\n<td>Vocal<\/td>\n<td><strong>Se\u00f1or Comandante del Guardacosta,<\/strong> <em>surto en el puerto.<\/em><\/td>\n<\/tr>\n<tr>\n<td>Vocal<\/td>\n<td><strong>Don \u00c1ngel Morales Montserrat.<\/strong> <em>Comandante de Infanter\u00eda.<\/em><\/td>\n<\/tr>\n<tr>\n<td>Vocal<\/td>\n<td><strong>Don Luis Irisany Pastor.<\/strong> <em>Consignatario.<\/em><\/td>\n<\/tr>\n<tr>\n<td>Vocal<\/td>\n<td><strong>Don Antonio Basek Furriol.<\/strong> <em>Comerciante.<\/em><\/td>\n<\/tr>\n<tr>\n<td>Vocal<\/td>\n<td><strong>Don Ricardo Buzo Ferrer.<\/strong> <em>Secretario Sindical Comarcal.<\/em><\/td>\n<\/tr>\n<\/tbody>\n<\/table>\n<\/div>\n<\/div><div class=\"fusion-text fusion-text-3\"><p style=\"text-align: justify; margin-top: 35px;\">Todos los se\u00f1ores mencionados aceptan los cargos para los que han sido nombrados dando las gracias al Sr. Presidente y ofreci\u00e9ndose al mismo para, en una \u00edntima colaboraci\u00f3n, llevar adelante los prop\u00f3sitos que a todos animan en la constituci\u00f3n y funcionamiento del CLUB MAR\u00cdTIMO de Melilla. Con ello, se da el Club por constituido, pas\u00e1ndose a tratar los siguientes asuntos.<\/p>\n<p style=\"text-align: justify;\"><strong>Fijaci\u00f3n de cuotas:<\/strong> Se acuerda que la cuota de entrada sea de cien pesetas y la mensual de veinte pesetas. Los familiares femeninos de los socios activos en grado directo y los varones menores de diecis\u00e9is a\u00f1os, tendr\u00e1n acceso al Club a cuyo efecto se les proveer\u00e1 de la correspondiente tarjeta de acceso. Los varones entre los diecis\u00e9is y veinti\u00fan a\u00f1os abonar\u00e1n una cuota mensual de diez pesetas, pero al cumplir esta \u00faltima edad deber\u00e1n hacerse socios activos, acord\u00e1ndose que el primer hijo pague el 50 % de la cuota de entrada, el segundo el 40 %, el tercero el 30 % y as\u00ed sucesivamente. Se acuerda que la cuota de socio transe\u00fante sea de treinta pesetas , facilit\u00e1ndoles tarjetas por treinta d\u00edas.<\/p>\n<p style=\"text-align: justify;\">Igualmente se acuerda que para adquirir de socio protector, sea preciso abonar una cuota m\u00ednima de entrada de quinientas pesetas.<\/p>\n<p style=\"text-align: justify;\"><strong>Modificaci\u00f3n del Reglamento:<\/strong> Se acuerda modificar el art\u00edculo 20 del Reglamento en la siguiente forma &lt; Las Bajas de socios fundadores se cubrir\u00e1n con los socios activos por orden riguroso de antig\u00fcedad, salvo aquellos casos excepcionales que la Junta acuerde. S\u00f3lo podr\u00e1n entrar a formar parte de la Junta Directiva los socios fundadores&gt;.<\/p>\n<p style=\"text-align: justify;\"><strong>Alquiler del local social del Club:<\/strong> El Secretario da cuenta de haberse dirigido, de acuerdo con el Presidente, a la Junta de Obras del Puerto en solicitud de alquiler del local propiedad de la citada Junta en la d\u00e1rsena pesquera del Puerto, a\u00f1adiendo el Presidente que informar\u00e1 dicha petici\u00f3n favorablemente con objeto de que el Club disponga lo m\u00e1s r\u00e1pidamente posible de un local social.<\/p>\n<p style=\"text-align: justify;\"><strong>Impresos:<\/strong> Se examinan los presentados por el Secretario, los cuales se aprueban.<\/p>\n<p style=\"text-align: justify;\">Se hace constar que asiste a la sesi\u00f3n el se\u00f1or Comandante Militar de Marina Don Jos\u00e9 Luis Gener, Presidente de Honor que es de este Club, el cual ofrece una embarcaci\u00f3n de remo, por lo que se acuerda darle un expresivo voto de gracias.<\/p>\n<p style=\"text-align: justify;\">Y no habiendo otros asuntos que tratar se levanta la sesi\u00f3n. De todo lo cual como Secretario certifico.<\/p>\n<p>\u00a0<\/p>\n<\/div><div class=\"fusion-clearfix\"><\/div><\/div><\/div><div class=\"fusion-layout-column fusion_builder_column fusion-builder-column-4 fusion_builder_column_1_3 1_3 fusion-one-third fusion-column-first\" style=\"width:30.6666%; margin-right: 4%;margin-top:0px;margin-bottom:20px;\"><div class=\"fusion-column-wrapper fusion-flex-column-wrapper-legacy\" style=\"background-position:left top;background-repeat:no-repeat;-webkit-background-size:cover;-moz-background-size:cover;-o-background-size:cover;background-size:cover;padding: 0px 0px 0px 0px;\"><div class=\"fusion-text fusion-text-4\"><p style=\"text-align: center;\">Firmado, El Secretario:<\/p>\n<p style=\"text-align: center;\">Bernardo Mart\u00edn.<\/p>\n<p>\u00a0<\/p>\n<\/div><div class=\"fusion-clearfix\"><\/div><\/div><\/div><div class=\"fusion-layout-column fusion_builder_column fusion-builder-column-5 fusion_builder_column_1_3 1_3 fusion-one-third\" style=\"width:30.6666%; margin-right: 4%;margin-top:0px;margin-bottom:20px;\"><div class=\"fusion-column-wrapper fusion-flex-column-wrapper-legacy\" style=\"background-position:left top;background-repeat:no-repeat;-webkit-background-size:cover;-moz-background-size:cover;-o-background-size:cover;background-size:cover;padding: 0px 0px 0px 0px;\"><div class=\"fusion-clearfix\"><\/div><\/div><\/div><div class=\"fusion-layout-column fusion_builder_column fusion-builder-column-6 fusion_builder_column_1_3 1_3 fusion-one-third fusion-column-last\" style=\"width:30.6666%;margin-top:0px;margin-bottom:20px;\"><div class=\"fusion-column-wrapper fusion-flex-column-wrapper-legacy\" style=\"background-position:left top;background-repeat:no-repeat;-webkit-background-size:cover;-moz-background-size:cover;-o-background-size:cover;background-size:cover;padding: 0px 0px 0px 0px;\"><div class=\"fusion-text fusion-text-5\"><p style=\"text-align: center;\">V\u00baB\u00ba El Presidente:<\/p>\n<p style=\"text-align: center;\">Jos\u00e9 Ochoa.<\/p>\n<\/div><div class=\"fusion-clearfix\"><\/div><\/div><\/div><\/div><style type=\"text\/css\">.fusion-fullwidth.fusion-builder-row-1 { overflow:visible; }<\/style><\/div><div class=\"fusion-fullwidth fullwidth-box fusion-builder-row-2 nonhundred-percent-fullwidth non-hundred-percent-height-scrolling\" style=\"background-color: #ffffff;background-position: left top;background-repeat: no-repeat;padding-top:20px;padding-right:0px;padding-bottom:20px;padding-left:0px;margin-bottom: 0px;margin-top: 0px;border-width: 0px 0px 0px 0px;border-color:#eae9e9;border-style:solid;\" ><div class=\"fusion-builder-row fusion-row\"><div class=\"fusion-layout-column fusion_builder_column fusion-builder-column-7 fusion_builder_column_1_1 1_1 fusion-one-full fusion-column-first fusion-column-last fusion-column-no-min-height\" style=\"margin-top:0px;margin-bottom:0px;\"><div class=\"fusion-column-wrapper fusion-flex-column-wrapper-legacy\" style=\"background-position:left top;background-repeat:no-repeat;-webkit-background-size:cover;-moz-background-size:cover;-o-background-size:cover;background-size:cover;padding: 0px 0px 0px 0px;\"><div class=\"fusion-text fusion-text-6\"><p style=\"text-align: center;\"><div class=\"flexslider ewic-slider-lite is_on_\" id=\"ewic-con-124496a02f21023598\"><style>#ewic-con-124496a02f21023598 .flex-direction-nav .flex-next, #ewic-con-124496a02f21023598 .flex-direction-nav .flex-prev {opacity: 1;} #ewic-con-124496a02f21023598 .flex-direction-nav .flex-next {right: 10px !important; text-align: right !important;} #ewic-con-124496a02f21023598 .flex-direction-nav .flex-prev {left: 10px !important;}<\/style><div id=\"preloader-124496a02f21023598\" class=\"sliderpreloader\"><\/div><ul style=\"display:none;\" class=\"slides flexslider-124496a02f21023598\"><li class=\"ewic-slider\"><a href=\"https:\/\/www.realclubmaritimomelilla.es\/clmar\/wp-content\/uploads\/2017\/05\/pagina1.jpg\" title=\"Pagina1\" rel=\"ewicprettyPhoto[124496a02f21023598]\"><img decoding=\"async\" title=\"Pagina1\" class=\"ewic-wid-imgs\" src=\"https:\/\/www.realclubmaritimomelilla.es\/clmar\/wp-content\/uploads\/2017\/05\/pagina1.jpg\" \/><p class=\"flex-caption\">Pagina1<\/p><\/a><\/li><li class=\"ewic-slider\"><a href=\"https:\/\/www.realclubmaritimomelilla.es\/clmar\/wp-content\/uploads\/2017\/05\/pagina2.jpg\" title=\"Pagina2\" rel=\"ewicprettyPhoto[124496a02f21023598]\"><img decoding=\"async\" title=\"Pagina2\" class=\"ewic-wid-imgs\" src=\"https:\/\/www.realclubmaritimomelilla.es\/clmar\/wp-content\/uploads\/2017\/05\/pagina2.jpg\" \/><p class=\"flex-caption\">Pagina2<\/p><\/a><\/li><li class=\"ewic-slider\"><a href=\"https:\/\/www.realclubmaritimomelilla.es\/clmar\/wp-content\/uploads\/2017\/05\/pagina3.jpg\" title=\"Pagina3\" rel=\"ewicprettyPhoto[124496a02f21023598]\"><img decoding=\"async\" title=\"Pagina3\" class=\"ewic-wid-imgs\" src=\"https:\/\/www.realclubmaritimomelilla.es\/clmar\/wp-content\/uploads\/2017\/05\/pagina3.jpg\" \/><p class=\"flex-caption\">Pagina3<\/p><\/a><\/li><\/ul><script type=\"text\/javascript\">\r\n\tjQuery(document).ready(function($) {\r\n\r\n\t\t$(\"#preloader-124496a02f21023598\").fadeOut(500, function () {\r\n\r\n\t\t\t$(\"#ewic-con-124496a02f21023598\").addClass(\"ready_to_show\");\r\n\r\n\t\t\t$(\"a[rel^='ewicprettyPhoto[124496a02f21023598]']\").ewcPhoto({\r\n\t\t\t\ttheme: \"ewc_default\",\r\n\t\t\t\tallow_expand: false,\r\n\t\t\t\tdeeplinking: false,\r\n\t\t\t\tslideshow:5000,\r\n\t\t\t\tautoplay_slideshow:true,\r\n\t\t\t\tsocial_tools:false\r\n\t\t\t});\r\n\r\n\t\t\t$(\".flexslider-124496a02f21023598\").fadeIn(300);\r\n\r\n\t\t\t$(\"#ewic-con-124496a02f21023598\").flexslider({\r\n\t\t\t\tanimation: \"slide\",\r\n\t\t\t\tanimationSpeed: 0,\r\n\t\t\t\tuseCSS: false,\r\n\t\t\t\teasing: \"easeInQuad\",\r\n\t\t\t\tdirection: \"horizontal\",\r\n\t\t\t\tslideshow: true,\r\n\t\t\t\tsmoothHeight: true,\r\n\t\t\t\tpauseOnHover: true,\r\n\t\t\t\tcontrolNav: false,\r\n\t\t\t\tprevText: \"\",\r\n\t\t\t\tnextText: \"\",\r\n\t\t\t\trtl: false,\r\n\t\t\t\tslideshowSpeed: 5000,\r\n\t\t\t\tstart: function(slider){\r\n\t\t\t\t\t$(\"#ewic-con-124496a02f21023598\").find(\".flex-caption\").hide();\r\n\t\t\t\t\tvar curSlide = slider.find(\"li.flex-active-slide\");\r\n\t\t\t\t\t$(curSlide).find(\".flex-caption\").slideDown();\r\n\t\t\t\t},\r\n\t\t\t\tbefore: function(slider) {\r\n\t\t\t\t\t$(\"#ewic-con-124496a02f21023598\").find(\".flex-caption\").slideUp();\r\n\t\t\t\t},\r\n\t\t\t\tafter: function(slider) {\r\n\t\t\t\t\tvar curSlide = slider.find(\"li.flex-active-slide\");\r\n\t\t\t\t\t$(curSlide).find(\".flex-caption\").slideDown();\r\n\t\t\t\t}\r\n\r\n\t\t\t});\r\n\r\n\t\t});\r\n\r\n\t});\r\n<\/script><\/div>\r\n<\/p>\n<\/div><div class=\"fusion-clearfix\"><\/div><\/div><\/div><\/div><\/div><\/p>\n","protected":false},"excerpt":{"rendered":"","protected":false},"author":1,"featured_media":0,"parent":0,"menu_order":0,"comment_status":"closed","ping_status":"closed","template":"","meta":{"_acf_changed":false,"footnotes":""},"class_list":["post-12058","page","type-page","status-publish","hentry"],"acf":[],"yoast_head":"<!-- This site is optimized with the Yoast SEO plugin v27.5 - https:\/\/yoast.com\/product\/yoast-seo-wordpress\/ -->\n<title>Acta Fundacional - Real Club Mar\u00edtimo de Melilla<\/title>\n<meta name=\"description\" content=\"6 de Marzo de 1944, el Pdte. D. Jos\u00e9 Ochoa y Benjumea, convoca a los se\u00f1ores para formar la Junta Directiva del CLUB MAR\u00cdTIMO de Melilla.\" \/>\n<meta name=\"robots\" content=\"index, follow, max-snippet:-1, max-image-preview:large, max-video-preview:-1\" \/>\n<link rel=\"canonical\" href=\"https:\/\/www.realclubmaritimomelilla.es\/clmar\/acta-fundacional\/\" \/>\n<meta property=\"og:locale\" content=\"es_ES\" \/>\n<meta property=\"og:type\" content=\"article\" \/>\n<meta property=\"og:title\" content=\"Acta Fundacional - Real Club Mar\u00edtimo de Melilla\" \/>\n<meta property=\"og:description\" content=\"6 de Marzo de 1944, el Pdte. D. Jos\u00e9 Ochoa y Benjumea, convoca a los se\u00f1ores para formar la Junta Directiva del CLUB MAR\u00cdTIMO de Melilla.\" \/>\n<meta property=\"og:url\" content=\"https:\/\/www.realclubmaritimomelilla.es\/clmar\/acta-fundacional\/\" \/>\n<meta property=\"og:site_name\" content=\"Real Club Mar\u00edtimo de Melilla\" \/>\n<meta property=\"article:publisher\" content=\"https:\/\/www.facebook.com\/Real-Club-Mar%c3%adtimo-de-Melilla-588495841234214\/\" \/>\n<meta property=\"article:modified_time\" content=\"2024-03-22T10:40:46+00:00\" \/>\n<meta name=\"twitter:card\" content=\"summary_large_image\" \/>\n<meta name=\"twitter:site\" content=\"@nauticarcmm\" \/>\n<meta name=\"twitter:label1\" content=\"Tiempo de lectura\" \/>\n\t<meta name=\"twitter:data1\" content=\"7 minutos\" \/>\n<script type=\"application\/ld+json\" class=\"yoast-schema-graph\">{\"@context\":\"https:\\\/\\\/schema.org\",\"@graph\":[{\"@type\":\"WebPage\",\"@id\":\"https:\\\/\\\/www.realclubmaritimomelilla.es\\\/clmar\\\/acta-fundacional\\\/\",\"url\":\"https:\\\/\\\/www.realclubmaritimomelilla.es\\\/clmar\\\/acta-fundacional\\\/\",\"name\":\"Acta Fundacional - Real Club Mar\u00edtimo de Melilla\",\"isPartOf\":{\"@id\":\"https:\\\/\\\/www.realclubmaritimomelilla.es\\\/clmar\\\/#website\"},\"datePublished\":\"2016-07-27T08:49:03+00:00\",\"dateModified\":\"2024-03-22T10:40:46+00:00\",\"description\":\"6 de Marzo de 1944, el Pdte. D. Jos\u00e9 Ochoa y Benjumea, convoca a los se\u00f1ores para formar la Junta Directiva del CLUB MAR\u00cdTIMO de Melilla.\",\"breadcrumb\":{\"@id\":\"https:\\\/\\\/www.realclubmaritimomelilla.es\\\/clmar\\\/acta-fundacional\\\/#breadcrumb\"},\"inLanguage\":\"es\",\"potentialAction\":[{\"@type\":\"ReadAction\",\"target\":[\"https:\\\/\\\/www.realclubmaritimomelilla.es\\\/clmar\\\/acta-fundacional\\\/\"]}]},{\"@type\":\"BreadcrumbList\",\"@id\":\"https:\\\/\\\/www.realclubmaritimomelilla.es\\\/clmar\\\/acta-fundacional\\\/#breadcrumb\",\"itemListElement\":[{\"@type\":\"ListItem\",\"position\":1,\"name\":\"Portada\",\"item\":\"https:\\\/\\\/www.realclubmaritimomelilla.es\\\/clmar\\\/\"},{\"@type\":\"ListItem\",\"position\":2,\"name\":\"Acta Fundacional\"}]},{\"@type\":\"WebSite\",\"@id\":\"https:\\\/\\\/www.realclubmaritimomelilla.es\\\/clmar\\\/#website\",\"url\":\"https:\\\/\\\/www.realclubmaritimomelilla.es\\\/clmar\\\/\",\"name\":\"Real Club Mar\u00edtimo de Melilla\",\"description\":\"RCMM\",\"publisher\":{\"@id\":\"https:\\\/\\\/www.realclubmaritimomelilla.es\\\/clmar\\\/#organization\"},\"alternateName\":\"RCMM\",\"potentialAction\":[{\"@type\":\"SearchAction\",\"target\":{\"@type\":\"EntryPoint\",\"urlTemplate\":\"https:\\\/\\\/www.realclubmaritimomelilla.es\\\/clmar\\\/?s={search_term_string}\"},\"query-input\":{\"@type\":\"PropertyValueSpecification\",\"valueRequired\":true,\"valueName\":\"search_term_string\"}}],\"inLanguage\":\"es\"},{\"@type\":\"Organization\",\"@id\":\"https:\\\/\\\/www.realclubmaritimomelilla.es\\\/clmar\\\/#organization\",\"name\":\"Real Club Mar\u00edtimo de Melilla\",\"alternateName\":\"RCMM\",\"url\":\"https:\\\/\\\/www.realclubmaritimomelilla.es\\\/clmar\\\/\",\"logo\":{\"@type\":\"ImageObject\",\"inLanguage\":\"es\",\"@id\":\"https:\\\/\\\/www.realclubmaritimomelilla.es\\\/clmar\\\/#\\\/schema\\\/logo\\\/image\\\/\",\"url\":\"https:\\\/\\\/www.realclubmaritimomelilla.es\\\/clmar\\\/wp-content\\\/uploads\\\/logo-club-original-copia.jpg\",\"contentUrl\":\"https:\\\/\\\/www.realclubmaritimomelilla.es\\\/clmar\\\/wp-content\\\/uploads\\\/logo-club-original-copia.jpg\",\"width\":128,\"height\":89,\"caption\":\"Real Club Mar\u00edtimo de Melilla\"},\"image\":{\"@id\":\"https:\\\/\\\/www.realclubmaritimomelilla.es\\\/clmar\\\/#\\\/schema\\\/logo\\\/image\\\/\"},\"sameAs\":[\"https:\\\/\\\/www.facebook.com\\\/Real-Club-Mar\u00edtimo-de-Melilla-588495841234214\\\/\",\"https:\\\/\\\/x.com\\\/nauticarcmm\",\"https:\\\/\\\/www.instagram.com\\\/club_maritimo_melilla\\\/\",\"https:\\\/\\\/www.youtube.com\\\/@realclubmaritimodemelilla4703\",\"https:\\\/\\\/es.wikipedia.org\\\/wiki\\\/Real_Club_Mar\u00edtimo_de_Melilla\"]}]}<\/script>\n<!-- \/ Yoast SEO plugin. -->","yoast_head_json":{"title":"Acta Fundacional - Real Club Mar\u00edtimo de Melilla","description":"6 de Marzo de 1944, el Pdte. D. Jos\u00e9 Ochoa y Benjumea, convoca a los se\u00f1ores para formar la Junta Directiva del CLUB MAR\u00cdTIMO de Melilla.","robots":{"index":"index","follow":"follow","max-snippet":"max-snippet:-1","max-image-preview":"max-image-preview:large","max-video-preview":"max-video-preview:-1"},"canonical":"https:\/\/www.realclubmaritimomelilla.es\/clmar\/acta-fundacional\/","og_locale":"es_ES","og_type":"article","og_title":"Acta Fundacional - Real Club Mar\u00edtimo de Melilla","og_description":"6 de Marzo de 1944, el Pdte. D. Jos\u00e9 Ochoa y Benjumea, convoca a los se\u00f1ores para formar la Junta Directiva del CLUB MAR\u00cdTIMO de Melilla.","og_url":"https:\/\/www.realclubmaritimomelilla.es\/clmar\/acta-fundacional\/","og_site_name":"Real Club Mar\u00edtimo de Melilla","article_publisher":"https:\/\/www.facebook.com\/Real-Club-Mar%c3%adtimo-de-Melilla-588495841234214\/","article_modified_time":"2024-03-22T10:40:46+00:00","twitter_card":"summary_large_image","twitter_site":"@nauticarcmm","twitter_misc":{"Tiempo de lectura":"7 minutos"},"schema":{"@context":"https:\/\/schema.org","@graph":[{"@type":"WebPage","@id":"https:\/\/www.realclubmaritimomelilla.es\/clmar\/acta-fundacional\/","url":"https:\/\/www.realclubmaritimomelilla.es\/clmar\/acta-fundacional\/","name":"Acta Fundacional - Real Club Mar\u00edtimo de Melilla","isPartOf":{"@id":"https:\/\/www.realclubmaritimomelilla.es\/clmar\/#website"},"datePublished":"2016-07-27T08:49:03+00:00","dateModified":"2024-03-22T10:40:46+00:00","description":"6 de Marzo de 1944, el Pdte. D. Jos\u00e9 Ochoa y Benjumea, convoca a los se\u00f1ores para formar la Junta Directiva del CLUB MAR\u00cdTIMO de Melilla.","breadcrumb":{"@id":"https:\/\/www.realclubmaritimomelilla.es\/clmar\/acta-fundacional\/#breadcrumb"},"inLanguage":"es","potentialAction":[{"@type":"ReadAction","target":["https:\/\/www.realclubmaritimomelilla.es\/clmar\/acta-fundacional\/"]}]},{"@type":"BreadcrumbList","@id":"https:\/\/www.realclubmaritimomelilla.es\/clmar\/acta-fundacional\/#breadcrumb","itemListElement":[{"@type":"ListItem","position":1,"name":"Portada","item":"https:\/\/www.realclubmaritimomelilla.es\/clmar\/"},{"@type":"ListItem","position":2,"name":"Acta Fundacional"}]},{"@type":"WebSite","@id":"https:\/\/www.realclubmaritimomelilla.es\/clmar\/#website","url":"https:\/\/www.realclubmaritimomelilla.es\/clmar\/","name":"Real Club Mar\u00edtimo de Melilla","description":"RCMM","publisher":{"@id":"https:\/\/www.realclubmaritimomelilla.es\/clmar\/#organization"},"alternateName":"RCMM","potentialAction":[{"@type":"SearchAction","target":{"@type":"EntryPoint","urlTemplate":"https:\/\/www.realclubmaritimomelilla.es\/clmar\/?s={search_term_string}"},"query-input":{"@type":"PropertyValueSpecification","valueRequired":true,"valueName":"search_term_string"}}],"inLanguage":"es"},{"@type":"Organization","@id":"https:\/\/www.realclubmaritimomelilla.es\/clmar\/#organization","name":"Real Club Mar\u00edtimo de Melilla","alternateName":"RCMM","url":"https:\/\/www.realclubmaritimomelilla.es\/clmar\/","logo":{"@type":"ImageObject","inLanguage":"es","@id":"https:\/\/www.realclubmaritimomelilla.es\/clmar\/#\/schema\/logo\/image\/","url":"https:\/\/www.realclubmaritimomelilla.es\/clmar\/wp-content\/uploads\/logo-club-original-copia.jpg","contentUrl":"https:\/\/www.realclubmaritimomelilla.es\/clmar\/wp-content\/uploads\/logo-club-original-copia.jpg","width":128,"height":89,"caption":"Real Club Mar\u00edtimo de Melilla"},"image":{"@id":"https:\/\/www.realclubmaritimomelilla.es\/clmar\/#\/schema\/logo\/image\/"},"sameAs":["https:\/\/www.facebook.com\/Real-Club-Mar\u00edtimo-de-Melilla-588495841234214\/","https:\/\/x.com\/nauticarcmm","https:\/\/www.instagram.com\/club_maritimo_melilla\/","https:\/\/www.youtube.com\/@realclubmaritimodemelilla4703","https:\/\/es.wikipedia.org\/wiki\/Real_Club_Mar\u00edtimo_de_Melilla"]}]}},"_links":{"self":[{"href":"https:\/\/www.realclubmaritimomelilla.es\/clmar\/wp-json\/wp\/v2\/pages\/12058","targetHints":{"allow":["GET"]}}],"collection":[{"href":"https:\/\/www.realclubmaritimomelilla.es\/clmar\/wp-json\/wp\/v2\/pages"}],"about":[{"href":"https:\/\/www.realclubmaritimomelilla.es\/clmar\/wp-json\/wp\/v2\/types\/page"}],"author":[{"embeddable":true,"href":"https:\/\/www.realclubmaritimomelilla.es\/clmar\/wp-json\/wp\/v2\/users\/1"}],"replies":[{"embeddable":true,"href":"https:\/\/www.realclubmaritimomelilla.es\/clmar\/wp-json\/wp\/v2\/comments?post=12058"}],"version-history":[{"count":3,"href":"https:\/\/www.realclubmaritimomelilla.es\/clmar\/wp-json\/wp\/v2\/pages\/12058\/revisions"}],"predecessor-version":[{"id":21960,"href":"https:\/\/www.realclubmaritimomelilla.es\/clmar\/wp-json\/wp\/v2\/pages\/12058\/revisions\/21960"}],"wp:attachment":[{"href":"https:\/\/www.realclubmaritimomelilla.es\/clmar\/wp-json\/wp\/v2\/media?parent=12058"}],"curies":[{"name":"wp","href":"https:\/\/api.w.org\/{rel}","templated":true}]}}